{"id":2712,"date":"2023-06-10T14:54:42","date_gmt":"2023-06-10T14:54:42","guid":{"rendered":"https:\/\/luan.webrt.net\/hadoco\/?post_type=product&#038;p=2712"},"modified":"2023-06-10T14:57:01","modified_gmt":"2023-06-10T14:57:01","slug":"cot-loc-inox","status":"publish","type":"product","link":"https:\/\/thietbixulynuoc.vinastar.info\/?product=cot-loc-inox","title":{"rendered":"C\u1ed9t L\u1ecdc Inox"},"content":{"rendered":"<p>Th\u00f4ng tin v\u1ec1 C\u1ed9t L\u1ecdc Inox:<\/p>\n<ul style=\"list-style-type: circle;\">\n<li>T\u00ednh th\u1ea9m m\u1ef9 cao, ph\u00f9 h\u1ee3p v\u1edbi c\u00e1c c\u00f4ng tr\u00ecnh bi\u1ec7t th\u1ef1, nh\u00e0 \u1edf, v\u0103n ph\u00f2ng cao c\u1ea5p<\/li>\n<li>\u0110\u1eb7c bi\u1ec7t s\u1eed d\u1ee5ng cho c\u00e1c c\u00f4ng tr\u00ecnh x\u1eed l\u00fd n\u01b0\u1edbc ng\u00e0nh D\u01b0\u1ee3c ph\u1ea9m, Y t\u1ebf<\/li>\n<li>D\u1ec5 v\u1ec7 sinh, lau ch\u00f9i v\u00e0 kh\u00f4ng b\u1ecb r\u00eau trong \u0111i\u1ec1u ki\u1ec7n th\u1eddi ti\u1ebft kh\u1eafc nghi\u1ec7t<\/li>\n<li>Nhi\u1ec1u k\u00edch th\u01b0\u1edbc, model \u0111\u1ec3 ch\u1ecdn l\u1ef1a cho nhi\u1ec1u c\u00f4ng su\u1ea5t h\u1ec7 th\u1ed1ng kh\u00e1c nhau<\/li>\n<li>V\u1eadt li\u1ec7u: SUS304 ho\u1eb7c SUS201<\/li>\n<\/ul>\n<p>\u0110\u1ec3 \u0111\u01b0\u1ee3c t\u01b0 v\u1ea5n v\u00e0 \u0111\u1eb7t h\u00e0ng \u0111\u00fang y\u00eau c\u1ea7u, vui l\u00f2ng li\u00ean h\u1ec7<\/p>\n<ul style=\"list-style-type: circle;\">\n<li><span style=\"color: #0000ff; font-size: 16px;\"><strong>C\u00d4NG TY CP C\u00d4NG NGH\u1ec6 HADOCO<\/strong><\/span><\/li>\n<li><span style=\"color: #0000ff; font-size: 16px;\"><strong>\u0110\u1ecba ch\u1ec9: 859 Quang Trung &#8211; Ph\u00fa La &#8211; H\u00e0 \u0110\u00f4ng &#8211; H\u00e0 N\u1ed9i<\/strong><\/span><\/li>\n<li><span style=\"color: #0000ff; font-size: 16px;\"><strong>Hotline: 0988.971.636 &#8211; 0989.645.389<\/strong><\/span><\/li>\n<li><span style=\"color: #0000ff; font-size: 16px;\"><strong>Email: abc@demo.com<\/strong><\/span><\/li>\n<li><span style=\"color: #0000ff; font-size: 16px;\"><strong>Website: www.hadoco.com.vn<\/strong><\/span><\/li>\n<\/ul>\n","protected":false},"excerpt":{"rendered":"<p>Th\u00f4ng tin v\u1ec1 C\u1ed9t L\u1ecdc Inox: T\u00ednh th\u1ea9m m\u1ef9 cao, ph\u00f9 h\u1ee3p v\u1edbi c\u00e1c c\u00f4ng tr\u00ecnh bi\u1ec7t th\u1ef1, nh\u00e0 \u1edf, v\u0103n ph\u00f2ng cao c\u1ea5p \u0110\u1eb7c bi\u1ec7t s\u1eed d\u1ee5ng cho c\u00e1c c\u00f4ng tr\u00ecnh x\u1eed l\u00fd n\u01b0\u1edbc ng\u00e0nh D\u01b0\u1ee3c ph\u1ea9m, Y t\u1ebf D\u1ec5 v\u1ec7 sinh, lau ch\u00f9i v\u00e0 kh\u00f4ng b\u1ecb r\u00eau trong \u0111i\u1ec1u ki\u1ec7n th\u1eddi ti\u1ebft kh\u1eafc [&#8230;]\n","protected":false},"featured_media":2632,"comment_status":"open","ping_status":"closed","template":"","meta":[],"product_cat":[157],"product_tag":[],"yoast_head":"<!-- This site is optimized with the Yoast SEO plugin v20.8 - https:\/\/yoast.com\/wordpress\/plugins\/seo\/ -->\n<title>C\u1ed9t L\u1ecdc Inox - hadoco<\/title>\n<meta name=\"robots\" content=\"index, follow, max-snippet:-1, max-image-preview:large, max-video-preview:-1\" \/>\n<link rel=\"canonical\" href=\"https:\/\/thietbixulynuoc.vinastar.info\/?product=cot-loc-inox\" \/>\n<meta property=\"og:locale\" content=\"vi_VN\" \/>\n<meta property=\"og:type\" content=\"article\" \/>\n<meta property=\"og:title\" content=\"C\u1ed9t L\u1ecdc Inox - hadoco\" \/>\n<meta property=\"og:description\" content=\"Th\u00f4ng tin v\u1ec1 C\u1ed9t L\u1ecdc Inox: T\u00ednh th\u1ea9m m\u1ef9 cao, ph\u00f9 h\u1ee3p v\u1edbi c\u00e1c c\u00f4ng tr\u00ecnh bi\u1ec7t th\u1ef1, nh\u00e0 \u1edf, v\u0103n ph\u00f2ng cao c\u1ea5p \u0110\u1eb7c bi\u1ec7t s\u1eed d\u1ee5ng cho c\u00e1c c\u00f4ng tr\u00ecnh x\u1eed l\u00fd n\u01b0\u1edbc ng\u00e0nh D\u01b0\u1ee3c ph\u1ea9m, Y t\u1ebf D\u1ec5 v\u1ec7 sinh, lau ch\u00f9i v\u00e0 kh\u00f4ng b\u1ecb r\u00eau trong \u0111i\u1ec1u ki\u1ec7n th\u1eddi ti\u1ebft kh\u1eafc [...]\" \/>\n<meta property=\"og:url\" content=\"https:\/\/thietbixulynuoc.vinastar.info\/?product=cot-loc-inox\" \/>\n<meta property=\"og:site_name\" content=\"hadoco\" \/>\n<meta property=\"article:modified_time\" content=\"2023-06-10T14:57:01+00:00\" \/>\n<meta property=\"og:image\" content=\"https:\/\/thietbixulynuoc.vinastar.info\/wp-content\/uploads\/2023\/05\/IMAGE-5.png\" \/>\n\t<meta property=\"og:image:width\" content=\"210\" \/>\n\t<meta property=\"og:image:height\" content=\"270\" \/>\n\t<meta property=\"og:image:type\" content=\"image\/png\" \/>\n<meta name=\"twitter:card\" content=\"summary_large_image\" \/>\n<meta name=\"twitter:label1\" content=\"\u01af\u1edbc t\u00ednh th\u1eddi gian \u0111\u1ecdc\" \/>\n\t<meta name=\"twitter:data1\" content=\"1 ph\u00fat\" \/>\n<script type=\"application\/ld+json\" class=\"yoast-schema-graph\">{\"@context\":\"https:\/\/schema.org\",\"@graph\":[{\"@type\":\"WebPage\",\"@id\":\"https:\/\/thietbixulynuoc.vinastar.info\/?product=cot-loc-inox\",\"url\":\"https:\/\/thietbixulynuoc.vinastar.info\/?product=cot-loc-inox\",\"name\":\"C\u1ed9t L\u1ecdc Inox - hadoco\",\"isPartOf\":{\"@id\":\"https:\/\/thietbixulynuoc.vinastar.info\/#website\"},\"datePublished\":\"2023-06-10T14:54:42+00:00\",\"dateModified\":\"2023-06-10T14:57:01+00:00\",\"breadcrumb\":{\"@id\":\"https:\/\/thietbixulynuoc.vinastar.info\/?product=cot-loc-inox#breadcrumb\"},\"inLanguage\":\"vi\",\"potentialAction\":[{\"@type\":\"ReadAction\",\"target\":[\"https:\/\/thietbixulynuoc.vinastar.info\/?product=cot-loc-inox\"]}]},{\"@type\":\"BreadcrumbList\",\"@id\":\"https:\/\/thietbixulynuoc.vinastar.info\/?product=cot-loc-inox#breadcrumb\",\"itemListElement\":[{\"@type\":\"ListItem\",\"position\":1,\"name\":\"Trang ch\u1ee7\",\"item\":\"https:\/\/thietbixulynuoc.vinastar.info\/\"},{\"@type\":\"ListItem\",\"position\":2,\"name\":\"S\u1ea3n ph\u1ea9m\",\"item\":\"https:\/\/thietbixulynuoc.vinastar.info\/?page_id=63\"},{\"@type\":\"ListItem\",\"position\":3,\"name\":\"V\u1eadt T\u01b0 X\u1eed L\u00fd N\u01b0\u1edbc\",\"item\":\"https:\/\/thietbixulynuoc.vinastar.info\/?product_cat=vat-tu-xu-ly-nuoc\"},{\"@type\":\"ListItem\",\"position\":4,\"name\":\"C\u1ed9t L\u1ecdc Inox\"}]},{\"@type\":\"WebSite\",\"@id\":\"https:\/\/thietbixulynuoc.vinastar.info\/#website\",\"url\":\"https:\/\/thietbixulynuoc.vinastar.info\/\",\"name\":\"hadoco\",\"description\":\"\",\"potentialAction\":[{\"@type\":\"SearchAction\",\"target\":{\"@type\":\"EntryPoint\",\"urlTemplate\":\"https:\/\/thietbixulynuoc.vinastar.info\/?s={search_term_string}\"},\"query-input\":\"required name=search_term_string\"}],\"inLanguage\":\"vi\"}]}<\/script>\n<!-- \/ Yoast SEO plugin. -->","yoast_head_json":{"title":"C\u1ed9t L\u1ecdc Inox - hadoco","robots":{"index":"index","follow":"follow","max-snippet":"max-snippet:-1","max-image-preview":"max-image-preview:large","max-video-preview":"max-video-preview:-1"},"canonical":"https:\/\/thietbixulynuoc.vinastar.info\/?product=cot-loc-inox","og_locale":"vi_VN","og_type":"article","og_title":"C\u1ed9t L\u1ecdc Inox - hadoco","og_description":"Th\u00f4ng tin v\u1ec1 C\u1ed9t L\u1ecdc Inox: T\u00ednh th\u1ea9m m\u1ef9 cao, ph\u00f9 h\u1ee3p v\u1edbi c\u00e1c c\u00f4ng tr\u00ecnh bi\u1ec7t th\u1ef1, nh\u00e0 \u1edf, v\u0103n ph\u00f2ng cao c\u1ea5p \u0110\u1eb7c bi\u1ec7t s\u1eed d\u1ee5ng cho c\u00e1c c\u00f4ng tr\u00ecnh x\u1eed l\u00fd n\u01b0\u1edbc ng\u00e0nh D\u01b0\u1ee3c ph\u1ea9m, Y t\u1ebf D\u1ec5 v\u1ec7 sinh, lau ch\u00f9i v\u00e0 kh\u00f4ng b\u1ecb r\u00eau trong \u0111i\u1ec1u ki\u1ec7n th\u1eddi ti\u1ebft kh\u1eafc [...]","og_url":"https:\/\/thietbixulynuoc.vinastar.info\/?product=cot-loc-inox","og_site_name":"hadoco","article_modified_time":"2023-06-10T14:57:01+00:00","og_image":[{"width":210,"height":270,"url":"https:\/\/thietbixulynuoc.vinastar.info\/wp-content\/uploads\/2023\/05\/IMAGE-5.png","type":"image\/png"}],"twitter_card":"summary_large_image","twitter_misc":{"\u01af\u1edbc t\u00ednh th\u1eddi gian \u0111\u1ecdc":"1 ph\u00fat"},"schema":{"@context":"https:\/\/schema.org","@graph":[{"@type":"WebPage","@id":"https:\/\/thietbixulynuoc.vinastar.info\/?product=cot-loc-inox","url":"https:\/\/thietbixulynuoc.vinastar.info\/?product=cot-loc-inox","name":"C\u1ed9t L\u1ecdc Inox - hadoco","isPartOf":{"@id":"https:\/\/thietbixulynuoc.vinastar.info\/#website"},"datePublished":"2023-06-10T14:54:42+00:00","dateModified":"2023-06-10T14:57:01+00:00","breadcrumb":{"@id":"https:\/\/thietbixulynuoc.vinastar.info\/?product=cot-loc-inox#breadcrumb"},"inLanguage":"vi","potentialAction":[{"@type":"ReadAction","target":["https:\/\/thietbixulynuoc.vinastar.info\/?product=cot-loc-inox"]}]},{"@type":"BreadcrumbList","@id":"https:\/\/thietbixulynuoc.vinastar.info\/?product=cot-loc-inox#breadcrumb","itemListElement":[{"@type":"ListItem","position":1,"name":"Trang ch\u1ee7","item":"https:\/\/thietbixulynuoc.vinastar.info\/"},{"@type":"ListItem","position":2,"name":"S\u1ea3n ph\u1ea9m","item":"https:\/\/thietbixulynuoc.vinastar.info\/?page_id=63"},{"@type":"ListItem","position":3,"name":"V\u1eadt T\u01b0 X\u1eed L\u00fd N\u01b0\u1edbc","item":"https:\/\/thietbixulynuoc.vinastar.info\/?product_cat=vat-tu-xu-ly-nuoc"},{"@type":"ListItem","position":4,"name":"C\u1ed9t L\u1ecdc Inox"}]},{"@type":"WebSite","@id":"https:\/\/thietbixulynuoc.vinastar.info\/#website","url":"https:\/\/thietbixulynuoc.vinastar.info\/","name":"hadoco","description":"","potentialAction":[{"@type":"SearchAction","target":{"@type":"EntryPoint","urlTemplate":"https:\/\/thietbixulynuoc.vinastar.info\/?s={search_term_string}"},"query-input":"required name=search_term_string"}],"inLanguage":"vi"}]}},"_links":{"self":[{"href":"https:\/\/thietbixulynuoc.vinastar.info\/index.php?rest_route=\/wp\/v2\/product\/2712"}],"collection":[{"href":"https:\/\/thietbixulynuoc.vinastar.info\/index.php?rest_route=\/wp\/v2\/product"}],"about":[{"href":"https:\/\/thietbixulynuoc.vinastar.info\/index.php?rest_route=\/wp\/v2\/types\/product"}],"replies":[{"embeddable":true,"href":"https:\/\/thietbixulynuoc.vinastar.info\/index.php?rest_route=%2Fwp%2Fv2%2Fcomments&post=2712"}],"wp:featuredmedia":[{"embeddable":true,"href":"https:\/\/thietbixulynuoc.vinastar.info\/index.php?rest_route=\/wp\/v2\/media\/2632"}],"wp:attachment":[{"href":"https:\/\/thietbixulynuoc.vinastar.info\/index.php?rest_route=%2Fwp%2Fv2%2Fmedia&parent=2712"}],"wp:term":[{"taxonomy":"product_cat","embeddable":true,"href":"https:\/\/thietbixulynuoc.vinastar.info\/index.php?rest_route=%2Fwp%2Fv2%2Fproduct_cat&post=2712"},{"taxonomy":"product_tag","embeddable":true,"href":"https:\/\/thietbixulynuoc.vinastar.info\/index.php?rest_route=%2Fwp%2Fv2%2Fproduct_tag&post=2712"}],"curies":[{"name":"wp","href":"https:\/\/api.w.org\/{rel}","templated":true}]}}